{"id":67,"date":"2022-05-06T21:33:45","date_gmt":"2022-05-07T00:33:45","guid":{"rendered":"http:\/\/alejodillor.art\/?page_id=67"},"modified":"2025-12-12T14:06:04","modified_gmt":"2025-12-12T17:06:04","slug":"press","status":"publish","type":"page","link":"https:\/\/alejodillor.art\/?page_id=67","title":{"rendered":"Press"},"content":{"rendered":"\n<div style=\"height:10px\" aria-hidden=\"true\" class=\"wp-block-spacer\"><\/div>\n\n\n\n<h2 class=\"wp-block-heading\">Latest<\/h2>\n\n\n\n<figure class=\"wp-block-image aligncenter size-full wp-duotone-unset-1\"><img loading=\"lazy\" decoding=\"async\" width=\"1920\" height=\"1280\" data-attachment-id=\"1284\" data-permalink=\"https:\/\/alejodillor.art\/?attachment_id=1284\" data-orig-file=\"https:\/\/alejodillor.art\/wp-content\/uploads\/2025\/12\/XX7MK6KDU5BG7INHITUZA5TFLI.avif\" data-orig-size=\"1920,1280\" data-comments-opened=\"0\" data-image-meta=\"{&quot;aperture&quot;:&quot;0&quot;,&quot;credit&quot;:&quot;&quot;,&quot;camera&quot;:&quot;&quot;,&quot;caption&quot;:&quot;&quot;,&quot;created_timestamp&quot;:&quot;0&quot;,&quot;copyright&quot;:&quot;&quot;,&quot;focal_length&quot;:&quot;0&quot;,&quot;iso&quot;:&quot;0&quot;,&quot;shutter_speed&quot;:&quot;0&quot;,&quot;title&quot;:&quot;&quot;,&quot;orientation&quot;:&quot;0&quot;}\" data-image-title=\"XX7MK6KDU5BG7INHITUZA5TFLI\" data-image-description=\"\" data-image-caption=\"\" data-large-file=\"https:\/\/alejodillor.art\/wp-content\/uploads\/2025\/12\/XX7MK6KDU5BG7INHITUZA5TFLI-1024x683.avif\" src=\"https:\/\/alejodillor.art\/wp-content\/uploads\/2025\/12\/XX7MK6KDU5BG7INHITUZA5TFLI.avif\" alt=\"\" class=\"wp-image-1284\" srcset=\"https:\/\/alejodillor.art\/wp-content\/uploads\/2025\/12\/XX7MK6KDU5BG7INHITUZA5TFLI.avif 1920w, https:\/\/alejodillor.art\/wp-content\/uploads\/2025\/12\/XX7MK6KDU5BG7INHITUZA5TFLI-300x200.avif 300w, https:\/\/alejodillor.art\/wp-content\/uploads\/2025\/12\/XX7MK6KDU5BG7INHITUZA5TFLI-1024x683.avif 1024w, https:\/\/alejodillor.art\/wp-content\/uploads\/2025\/12\/XX7MK6KDU5BG7INHITUZA5TFLI-768x512.avif 768w, https:\/\/alejodillor.art\/wp-content\/uploads\/2025\/12\/XX7MK6KDU5BG7INHITUZA5TFLI-1536x1024.avif 1536w\" sizes=\"auto, (max-width: 1920px) 100vw, 1920px\" \/><\/figure>\n\n\n\n<h3 class=\"wp-block-heading has-text-align-left\"><a href=\"https:\/\/www.pagina12.com.ar\/2025\/11\/26\/homoerotico-la-muestra-inspirada-en-una-tapa-de-el-grafico-de-1934\/?utm_source=ig&amp;utm_medium=social&amp;utm_content=link_in_bio&amp;fbclid=PAZXh0bgNhZW0CMTEAc3J0YwZhcHBfaWQMMjU2MjgxMDQwNTU4AAGnXQ4hyp5Sdy0BRxhj8ujnAwZIqJM9ViiPPstjYFElPCiG6zmiQZaTU4AhGvo_aem_HWSZD-_iI5DDArqRThqdBQ\" data-type=\"link\" data-id=\"https:\/\/www.pagina12.com.ar\/2025\/11\/26\/homoerotico-la-muestra-inspirada-en-una-tapa-de-el-grafico-de-1934\/?utm_source=ig&amp;utm_medium=social&amp;utm_content=link_in_bio&amp;fbclid=PAZXh0bgNhZW0CMTEAc3J0YwZhcHBfaWQMMjU2MjgxMDQwNTU4AAGnXQ4hyp5Sdy0BRxhj8ujnAwZIqJM9ViiPPstjYFElPCiG6zmiQZaTU4AhGvo_aem_HWSZD-_iI5DDArqRThqdBQ\">\u201cHomoer\u00f3tico\u201d, la muestra inspirada en una tapa de El Gr\u00e1fico de 1934<\/a> &#8211; P\u00e1gina 12<\/h3>\n\n\n\n<p>&#8220;La obra de<strong>\u00a0Alejo Dillor<\/strong>\u00a0es, en sus palabras, una oda al homoerotismo m\u00e1s et\u00e9reo y devocional. \u201cEs capaz de captar un resplandor er\u00f3tico en su m\u00e1s pura naturalidad. Me encanta la cualidad sedosa de la luz en su fotograf\u00eda en blanco y negro: chic\u201d, asegura.&#8221; &#8211; Ilsa Wolf<\/p>\n\n\n\n<div style=\"height:15px\" aria-hidden=\"true\" class=\"wp-block-spacer\"><\/div>\n\n\n\n<hr class=\"wp-block-separator has-alpha-channel-opacity\"\/>\n\n\n\n<div style=\"height:15px\" aria-hidden=\"true\" class=\"wp-block-spacer\"><\/div>\n\n\n\n<div class=\"wp-block-columns are-vertically-aligned-top is-layout-flex wp-container-core-columns-is-layout-28f84493 wp-block-columns-is-layout-flex\">\n<div class=\"wp-block-column is-vertically-aligned-top is-layout-flow wp-block-column-is-layout-flow\">\n<h3 class=\"wp-block-heading\"><a href=\"https:\/\/www.belfusto.com\/boys-boys-boys-magazine-volumen-8-los-territorios-de-la-mirada\/\" target=\"_blank\" rel=\"noopener\" title=\"BOYS! BOYS! BOYS! Magazine Volumen 8: los territorios de la mirada\">BOYS! BOYS! BOYS! Magazine Volumen 8: los territorios de la mirada<\/a><\/h3>\n\n\n\n<figure class=\"wp-block-image size-large wp-duotone-unset-2\"><img loading=\"lazy\" decoding=\"async\" width=\"694\" height=\"1024\" data-attachment-id=\"583\" data-permalink=\"https:\/\/alejodillor.art\/?attachment_id=583\" data-orig-file=\"https:\/\/alejodillor.art\/wp-content\/uploads\/2024\/06\/IMG_6603-e1718749732396.jpg\" data-orig-size=\"779,1150\" data-comments-opened=\"0\" data-image-meta=\"{&quot;aperture&quot;:&quot;&quot;,&quot;credit&quot;:&quot;&quot;,&quot;camera&quot;:&quot;&quot;,&quot;caption&quot;:&quot;&quot;,&quot;created_timestamp&quot;:&quot;&quot;,&quot;copyright&quot;:&quot;&quot;,&quot;focal_length&quot;:&quot;&quot;,&quot;iso&quot;:&quot;&quot;,&quot;shutter_speed&quot;:&quot;&quot;,&quot;title&quot;:&quot;&quot;,&quot;orientation&quot;:&quot;1&quot;,&quot;longitude&quot;:&quot;0&quot;,&quot;latitude&quot;:&quot;0&quot;,&quot;info&quot;:&quot;&quot;,&quot;square-pos&quot;:&quot;&quot;,&quot;hero-pos&quot;:&quot;&quot;}\" data-image-title=\"IMG_6603\" data-image-description=\"\" data-image-caption=\"\" data-large-file=\"https:\/\/alejodillor.art\/wp-content\/uploads\/2024\/06\/IMG_6603-e1718749732396-694x1024.jpg\" src=\"http:\/\/alejodillor.art\/wp-content\/uploads\/2024\/06\/IMG_6603-e1718749732396-694x1024.jpg\" alt=\"\" class=\"wp-image-583\" srcset=\"https:\/\/alejodillor.art\/wp-content\/uploads\/2024\/06\/IMG_6603-e1718749732396-694x1024.jpg 694w, https:\/\/alejodillor.art\/wp-content\/uploads\/2024\/06\/IMG_6603-e1718749732396-600x886.jpg 600w, https:\/\/alejodillor.art\/wp-content\/uploads\/2024\/06\/IMG_6603-e1718749732396-203x300.jpg 203w, https:\/\/alejodillor.art\/wp-content\/uploads\/2024\/06\/IMG_6603-e1718749732396-768x1134.jpg 768w, https:\/\/alejodillor.art\/wp-content\/uploads\/2024\/06\/IMG_6603-e1718749732396.jpg 779w\" sizes=\"auto, (max-width: 694px) 100vw, 694px\" \/><\/figure>\n<\/div>\n\n\n\n<div class=\"wp-block-column is-vertically-aligned-top is-layout-flow wp-block-column-is-layout-flow\">\n<h3 class=\"wp-block-heading\"><a href=\"https:\/\/heyboymag.com\/echoes-of-stillness\/\" title=\"Echoes of Stillness\">Echoes of Stillness<\/a><\/h3>\n\n\n\n<figure class=\"wp-block-image size-large wp-duotone-unset-3\"><img loading=\"lazy\" decoding=\"async\" width=\"683\" height=\"1024\" data-attachment-id=\"584\" data-permalink=\"https:\/\/alejodillor.art\/?attachment_id=584\" data-orig-file=\"https:\/\/alejodillor.art\/wp-content\/uploads\/2024\/06\/IMG_7857-26-scaled.jpg\" data-orig-size=\"1707,2560\" data-comments-opened=\"0\" data-image-meta=\"{&quot;aperture&quot;:&quot;&quot;,&quot;credit&quot;:&quot;&quot;,&quot;camera&quot;:&quot;&quot;,&quot;caption&quot;:&quot;&quot;,&quot;created_timestamp&quot;:&quot;&quot;,&quot;copyright&quot;:&quot;ALL RIGHTS RESERVED TO AUTHOR&quot;,&quot;focal_length&quot;:&quot;&quot;,&quot;iso&quot;:&quot;&quot;,&quot;shutter_speed&quot;:&quot;&quot;,&quot;title&quot;:&quot;&quot;,&quot;orientation&quot;:&quot;&quot;,&quot;longitude&quot;:&quot;0&quot;,&quot;latitude&quot;:&quot;0&quot;,&quot;info&quot;:&quot;&quot;,&quot;square-pos&quot;:&quot;&quot;,&quot;hero-pos&quot;:&quot;&quot;}\" data-image-title=\"IMG_7857-26\" data-image-description=\"\" data-image-caption=\"\" data-large-file=\"https:\/\/alejodillor.art\/wp-content\/uploads\/2024\/06\/IMG_7857-26-683x1024.jpg\" src=\"https:\/\/alejodillor.art\/wp-content\/uploads\/2024\/06\/IMG_7857-26-683x1024.jpg\" alt=\"\" class=\"wp-image-584\" srcset=\"https:\/\/alejodillor.art\/wp-content\/uploads\/2024\/06\/IMG_7857-26-683x1024.jpg 683w, https:\/\/alejodillor.art\/wp-content\/uploads\/2024\/06\/IMG_7857-26-scaled-600x900.jpg 600w, https:\/\/alejodillor.art\/wp-content\/uploads\/2024\/06\/IMG_7857-26-200x300.jpg 200w, https:\/\/alejodillor.art\/wp-content\/uploads\/2024\/06\/IMG_7857-26-768x1152.jpg 768w, https:\/\/alejodillor.art\/wp-content\/uploads\/2024\/06\/IMG_7857-26-1024x1536.jpg 1024w, https:\/\/alejodillor.art\/wp-content\/uploads\/2024\/06\/IMG_7857-26-1365x2048.jpg 1365w, https:\/\/alejodillor.art\/wp-content\/uploads\/2024\/06\/IMG_7857-26-1320x1980.jpg 1320w, https:\/\/alejodillor.art\/wp-content\/uploads\/2024\/06\/IMG_7857-26-scaled.jpg 1707w\" sizes=\"auto, (max-width: 683px) 100vw, 683px\" \/><\/figure>\n<\/div>\n\n\n\n<div class=\"wp-block-column is-vertically-aligned-top is-layout-flow wp-block-column-is-layout-flow\">\n<h3 class=\"wp-block-heading\"><a href=\"https:\/\/pnpplzine.com\/index.php\/2024\/06\/09\/alejo-dillor-2\/\" target=\"_blank\" rel=\"noopener\" title=\"The Masked Lovers\">The Masked Lovers<\/a><\/h3>\n\n\n\n<figure class=\"wp-block-image size-large wp-duotone-default-filter\"><img loading=\"lazy\" decoding=\"async\" width=\"683\" height=\"1024\" data-attachment-id=\"586\" data-permalink=\"https:\/\/alejodillor.art\/?attachment_id=586\" data-orig-file=\"https:\/\/alejodillor.art\/wp-content\/uploads\/2024\/06\/IMG_8857-Editar-scaled.jpg\" data-orig-size=\"1707,2560\" data-comments-opened=\"0\" data-image-meta=\"{&quot;aperture&quot;:&quot;8&quot;,&quot;credit&quot;:&quot;ALEJO DILLOR&quot;,&quot;camera&quot;:&quot;Canon EOS REBEL T5i&quot;,&quot;caption&quot;:&quot;&quot;,&quot;created_timestamp&quot;:&quot;1715384252&quot;,&quot;copyright&quot;:&quot;ALL RIGHTS RESERVED TO AUTHOR&quot;,&quot;focal_length&quot;:&quot;50&quot;,&quot;iso&quot;:&quot;100&quot;,&quot;shutter_speed&quot;:&quot;0.008&quot;,&quot;title&quot;:&quot;&quot;,&quot;orientation&quot;:&quot;&quot;,&quot;longitude&quot;:&quot;0&quot;,&quot;latitude&quot;:&quot;0&quot;,&quot;info&quot;:&quot;&quot;,&quot;square-pos&quot;:&quot;&quot;,&quot;hero-pos&quot;:&quot;&quot;}\" data-image-title=\"IMG_8857-Editar\" data-image-description=\"\" data-image-caption=\"\" data-large-file=\"https:\/\/alejodillor.art\/wp-content\/uploads\/2024\/06\/IMG_8857-Editar-683x1024.jpg\" src=\"https:\/\/alejodillor.art\/wp-content\/uploads\/2024\/06\/IMG_8857-Editar-683x1024.jpg\" alt=\"\" class=\"wp-image-586\" srcset=\"https:\/\/alejodillor.art\/wp-content\/uploads\/2024\/06\/IMG_8857-Editar-683x1024.jpg 683w, https:\/\/alejodillor.art\/wp-content\/uploads\/2024\/06\/IMG_8857-Editar-scaled-600x900.jpg 600w, https:\/\/alejodillor.art\/wp-content\/uploads\/2024\/06\/IMG_8857-Editar-200x300.jpg 200w, https:\/\/alejodillor.art\/wp-content\/uploads\/2024\/06\/IMG_8857-Editar-768x1152.jpg 768w, https:\/\/alejodillor.art\/wp-content\/uploads\/2024\/06\/IMG_8857-Editar-1024x1536.jpg 1024w, https:\/\/alejodillor.art\/wp-content\/uploads\/2024\/06\/IMG_8857-Editar-1365x2048.jpg 1365w, https:\/\/alejodillor.art\/wp-content\/uploads\/2024\/06\/IMG_8857-Editar-1320x1980.jpg 1320w, https:\/\/alejodillor.art\/wp-content\/uploads\/2024\/06\/IMG_8857-Editar-scaled-853x1280.jpg 853w, https:\/\/alejodillor.art\/wp-content\/uploads\/2024\/06\/IMG_8857-Editar-scaled-620x930.jpg 620w, https:\/\/alejodillor.art\/wp-content\/uploads\/2024\/06\/IMG_8857-Editar-scaled-400x600.jpg 400w, https:\/\/alejodillor.art\/wp-content\/uploads\/2024\/06\/IMG_8857-Editar-scaled-426x640.jpg 426w, https:\/\/alejodillor.art\/wp-content\/uploads\/2024\/06\/IMG_8857-Editar-scaled.jpg 1707w\" sizes=\"auto, (max-width: 683px) 100vw, 683px\" \/><\/figure>\n<\/div>\n<\/div>\n\n\n\n<div class=\"wp-block-columns are-vertically-aligned-top is-layout-flex wp-container-core-columns-is-layout-28f84493 wp-block-columns-is-layout-flex\">\n<div class=\"wp-block-column is-vertically-aligned-top is-layout-flow wp-block-column-is-layout-flow\">\n<h3 class=\"wp-block-heading\"><a href=\"https:\/\/publicacionescientificas.uces.edu.ar\/index.php\/disgraf\/article\/view\/1589\" target=\"_blank\" rel=\"noopener\" title=\"Creando mundos de papel. Entrevista a Alejo Dillor.\">Creando mundos de papel. Entrevista a Alejo Dillor<\/a><\/h3>\n\n\n\n<figure class=\"wp-block-image size-large is-resized wp-duotone-unset-4\"><img loading=\"lazy\" decoding=\"async\" width=\"1024\" height=\"499\" data-attachment-id=\"587\" data-permalink=\"https:\/\/alejodillor.art\/?attachment_id=587\" data-orig-file=\"https:\/\/alejodillor.art\/wp-content\/uploads\/2024\/06\/1589-Texto-del-articulo-6852-1-10-20230731_Pagina_1.jpg\" data-orig-size=\"1575,768\" data-comments-opened=\"0\" data-image-meta=\"{&quot;aperture&quot;:&quot;&quot;,&quot;credit&quot;:&quot;&quot;,&quot;camera&quot;:&quot;&quot;,&quot;caption&quot;:&quot;&quot;,&quot;created_timestamp&quot;:&quot;&quot;,&quot;copyright&quot;:&quot;&quot;,&quot;focal_length&quot;:&quot;&quot;,&quot;iso&quot;:&quot;&quot;,&quot;shutter_speed&quot;:&quot;&quot;,&quot;title&quot;:&quot;&quot;,&quot;orientation&quot;:&quot;&quot;,&quot;longitude&quot;:&quot;0&quot;,&quot;latitude&quot;:&quot;0&quot;,&quot;info&quot;:&quot;&quot;,&quot;square-pos&quot;:&quot;&quot;,&quot;hero-pos&quot;:&quot;&quot;}\" data-image-title=\"1589-Texto-del-articulo-6852-1-10-20230731_Pagina_1\" data-image-description=\"\" data-image-caption=\"\" data-large-file=\"https:\/\/alejodillor.art\/wp-content\/uploads\/2024\/06\/1589-Texto-del-articulo-6852-1-10-20230731_Pagina_1-1024x499.jpg\" src=\"https:\/\/alejodillor.art\/wp-content\/uploads\/2024\/06\/1589-Texto-del-articulo-6852-1-10-20230731_Pagina_1-1024x499.jpg\" alt=\"\" class=\"wp-image-587\" style=\"width:156px;height:auto\" srcset=\"https:\/\/alejodillor.art\/wp-content\/uploads\/2024\/06\/1589-Texto-del-articulo-6852-1-10-20230731_Pagina_1-1024x499.jpg 1024w, https:\/\/alejodillor.art\/wp-content\/uploads\/2024\/06\/1589-Texto-del-articulo-6852-1-10-20230731_Pagina_1-600x293.jpg 600w, https:\/\/alejodillor.art\/wp-content\/uploads\/2024\/06\/1589-Texto-del-articulo-6852-1-10-20230731_Pagina_1-300x146.jpg 300w, https:\/\/alejodillor.art\/wp-content\/uploads\/2024\/06\/1589-Texto-del-articulo-6852-1-10-20230731_Pagina_1-768x374.jpg 768w, https:\/\/alejodillor.art\/wp-content\/uploads\/2024\/06\/1589-Texto-del-articulo-6852-1-10-20230731_Pagina_1-1536x749.jpg 1536w, https:\/\/alejodillor.art\/wp-content\/uploads\/2024\/06\/1589-Texto-del-articulo-6852-1-10-20230731_Pagina_1-1320x644.jpg 1320w, https:\/\/alejodillor.art\/wp-content\/uploads\/2024\/06\/1589-Texto-del-articulo-6852-1-10-20230731_Pagina_1.jpg 1575w\" sizes=\"auto, (max-width: 1024px) 100vw, 1024px\" \/><\/figure>\n<\/div>\n\n\n\n<div class=\"wp-block-column is-vertically-aligned-top is-layout-flow wp-block-column-is-layout-flow\">\n<h3 class=\"wp-block-heading\"><a href=\"https:\/\/heyboymag.com\/ivan-couture-serenity-above-by-alejo-dillor\/\" target=\"_blank\" rel=\"noopener\" title=\"Ivan Couture: Serenity Above by Alejo Dillor\">Ivan Couture: Serenity Above by Alejo Dillor<\/a><\/h3>\n\n\n\n<figure class=\"wp-block-image aligncenter size-large wp-duotone-unset-5\"><img loading=\"lazy\" decoding=\"async\" width=\"683\" height=\"1024\" data-attachment-id=\"454\" data-permalink=\"https:\/\/alejodillor.art\/?attachment_id=454\" data-orig-file=\"https:\/\/alejodillor.art\/wp-content\/uploads\/2024\/01\/9-scaled.jpg\" data-orig-size=\"1707,2560\" data-comments-opened=\"0\" data-image-meta=\"{&quot;aperture&quot;:&quot;&quot;,&quot;credit&quot;:&quot;&quot;,&quot;camera&quot;:&quot;&quot;,&quot;caption&quot;:&quot;&quot;,&quot;created_timestamp&quot;:&quot;&quot;,&quot;copyright&quot;:&quot;ALL RIGHTS RESERVED TO AUTHOR&quot;,&quot;focal_length&quot;:&quot;&quot;,&quot;iso&quot;:&quot;&quot;,&quot;shutter_speed&quot;:&quot;&quot;,&quot;title&quot;:&quot;&quot;,&quot;orientation&quot;:&quot;&quot;,&quot;longitude&quot;:&quot;0&quot;,&quot;latitude&quot;:&quot;0&quot;,&quot;info&quot;:&quot;&quot;,&quot;square-pos&quot;:&quot;&quot;,&quot;hero-pos&quot;:&quot;&quot;}\" data-image-title=\"9\" data-image-description=\"\" data-image-caption=\"\" data-large-file=\"https:\/\/alejodillor.art\/wp-content\/uploads\/2024\/01\/9-683x1024.jpg\" src=\"http:\/\/alejodillor.art\/wp-content\/uploads\/2024\/01\/9-683x1024.jpg\" alt=\"\" class=\"wp-image-454\" srcset=\"https:\/\/alejodillor.art\/wp-content\/uploads\/2024\/01\/9-683x1024.jpg 683w, https:\/\/alejodillor.art\/wp-content\/uploads\/2024\/01\/9-scaled-600x900.jpg 600w, https:\/\/alejodillor.art\/wp-content\/uploads\/2024\/01\/9-200x300.jpg 200w, https:\/\/alejodillor.art\/wp-content\/uploads\/2024\/01\/9-768x1152.jpg 768w, https:\/\/alejodillor.art\/wp-content\/uploads\/2024\/01\/9-1024x1536.jpg 1024w, https:\/\/alejodillor.art\/wp-content\/uploads\/2024\/01\/9-1365x2048.jpg 1365w, https:\/\/alejodillor.art\/wp-content\/uploads\/2024\/01\/9-1320x1980.jpg 1320w, https:\/\/alejodillor.art\/wp-content\/uploads\/2024\/01\/9-scaled.jpg 1707w\" sizes=\"auto, (max-width: 683px) 100vw, 683px\" \/><\/figure>\n<\/div>\n\n\n\n<div class=\"wp-block-column is-vertically-aligned-top is-layout-flow wp-block-column-is-layout-flow\">\n<h3 class=\"wp-block-heading\"><a href=\"https:\/\/open.spotify.com\/episode\/0cl46dFFryOE2qjqj22xeg?go=1&amp;sp_cid=06d25fd98426b3f04db4dbccb0e3d7aa&amp;utm_source=embed_player_p&amp;utm_medium=desktop&amp;nd=1\" target=\"_blank\" rel=\"noopener\" title=\"'La Luz' - Marta Rivero. Acerca de 'Emi, una tarde de verano' \">&#8216;La Luz&#8217; &#8211; Marta Rivero. Acerca de &#8216;Emi, una tarde de verano&#8217; <\/a><\/h3>\n\n\n\n<figure class=\"wp-block-image size-large wp-duotone-unset-6\"><img loading=\"lazy\" decoding=\"async\" width=\"683\" height=\"1024\" data-attachment-id=\"23\" data-permalink=\"https:\/\/alejodillor.art\/?attachment_id=23\" data-orig-file=\"https:\/\/alejodillor.art\/wp-content\/uploads\/2022\/05\/IMG_3869-6-scaled.jpg\" data-orig-size=\"1707,2560\" data-comments-opened=\"1\" data-image-meta=\"{&quot;aperture&quot;:&quot;13&quot;,&quot;credit&quot;:&quot;ALEJO DILLOR&quot;,&quot;camera&quot;:&quot;Canon EOS REBEL T5i&quot;,&quot;caption&quot;:&quot;&quot;,&quot;created_timestamp&quot;:&quot;1554486769&quot;,&quot;copyright&quot;:&quot;ALL RIGHTS RESERVED TO AUTHOR&quot;,&quot;focal_length&quot;:&quot;50&quot;,&quot;iso&quot;:&quot;400&quot;,&quot;shutter_speed&quot;:&quot;0.008&quot;,&quot;title&quot;:&quot;&quot;,&quot;orientation&quot;:&quot;&quot;,&quot;longitude&quot;:&quot;0&quot;,&quot;latitude&quot;:&quot;0&quot;,&quot;info&quot;:&quot;&quot;,&quot;square-pos&quot;:&quot;&quot;,&quot;hero-pos&quot;:&quot;&quot;}\" data-image-title=\"IMG_3869-6\" data-image-description=\"\" data-image-caption=\"\" data-large-file=\"https:\/\/alejodillor.art\/wp-content\/uploads\/2022\/05\/IMG_3869-6-683x1024.jpg\" src=\"http:\/\/alejodillor.art\/wp-content\/uploads\/2022\/05\/IMG_3869-6-683x1024.jpg\" alt=\"\" class=\"wp-image-23\" srcset=\"https:\/\/alejodillor.art\/wp-content\/uploads\/2022\/05\/IMG_3869-6-683x1024.jpg 683w, https:\/\/alejodillor.art\/wp-content\/uploads\/2022\/05\/IMG_3869-6-scaled-600x900.jpg 600w, https:\/\/alejodillor.art\/wp-content\/uploads\/2022\/05\/IMG_3869-6-200x300.jpg 200w, https:\/\/alejodillor.art\/wp-content\/uploads\/2022\/05\/IMG_3869-6-768x1152.jpg 768w, https:\/\/alejodillor.art\/wp-content\/uploads\/2022\/05\/IMG_3869-6-1024x1536.jpg 1024w, https:\/\/alejodillor.art\/wp-content\/uploads\/2022\/05\/IMG_3869-6-1365x2048.jpg 1365w, https:\/\/alejodillor.art\/wp-content\/uploads\/2022\/05\/IMG_3869-6-scaled.jpg 1707w\" sizes=\"auto, (max-width: 683px) 100vw, 683px\" \/><\/figure>\n<\/div>\n<\/div>\n\n\n\n<div class=\"wp-block-columns is-layout-flex wp-container-core-columns-is-layout-28f84493 wp-block-columns-is-layout-flex\">\n<div class=\"wp-block-column is-vertically-aligned-center is-layout-flow wp-block-column-is-layout-flow\">\n<h3 class=\"wp-block-heading\"><a href=\"https:\/\/www.belfusto.com\/boys-boys-boys-magazine-volumen-3-la-revolucion-sera-fotografiada\/\" target=\"_blank\" rel=\"noreferrer noopener\">BOYS! BOYS! BOYS! Magazine Volumen 3: la revoluci\u00f3n ser\u00e1 fotografiada<\/a><\/h3>\n\n\n\n<figure class=\"wp-block-image size-large wp-duotone-unset-7\"><img loading=\"lazy\" decoding=\"async\" width=\"683\" height=\"1024\" data-attachment-id=\"49\" data-permalink=\"https:\/\/alejodillor.art\/?attachment_id=49\" data-orig-file=\"https:\/\/alejodillor.art\/wp-content\/uploads\/2022\/05\/IMG_1432-scaled.jpg\" data-orig-size=\"1706,2560\" data-comments-opened=\"1\" data-image-meta=\"{&quot;aperture&quot;:&quot;5.6&quot;,&quot;credit&quot;:&quot;ALEJO DILLOR&quot;,&quot;camera&quot;:&quot;Canon EOS REBEL T5i&quot;,&quot;caption&quot;:&quot;&quot;,&quot;created_timestamp&quot;:&quot;1602608028&quot;,&quot;copyright&quot;:&quot;ALL RIGHTS RESERVED TO AUTHOR&quot;,&quot;focal_length&quot;:&quot;50&quot;,&quot;iso&quot;:&quot;200&quot;,&quot;shutter_speed&quot;:&quot;0.00625&quot;,&quot;title&quot;:&quot;&quot;,&quot;orientation&quot;:&quot;&quot;,&quot;longitude&quot;:&quot;0&quot;,&quot;latitude&quot;:&quot;0&quot;,&quot;info&quot;:&quot;&quot;,&quot;square-pos&quot;:&quot;&quot;,&quot;hero-pos&quot;:&quot;&quot;}\" data-image-title=\"IMG_1432\" data-image-description=\"\" data-image-caption=\"\" data-large-file=\"https:\/\/alejodillor.art\/wp-content\/uploads\/2022\/05\/IMG_1432-683x1024.jpg\" src=\"http:\/\/alejodillor.art\/wp-content\/uploads\/2022\/05\/IMG_1432-683x1024.jpg\" alt=\"\" class=\"wp-image-49\" srcset=\"https:\/\/alejodillor.art\/wp-content\/uploads\/2022\/05\/IMG_1432-683x1024.jpg 683w, https:\/\/alejodillor.art\/wp-content\/uploads\/2022\/05\/IMG_1432-scaled-600x900.jpg 600w, https:\/\/alejodillor.art\/wp-content\/uploads\/2022\/05\/IMG_1432-200x300.jpg 200w, https:\/\/alejodillor.art\/wp-content\/uploads\/2022\/05\/IMG_1432-768x1152.jpg 768w, https:\/\/alejodillor.art\/wp-content\/uploads\/2022\/05\/IMG_1432-1024x1536.jpg 1024w, https:\/\/alejodillor.art\/wp-content\/uploads\/2022\/05\/IMG_1432-1365x2048.jpg 1365w, https:\/\/alejodillor.art\/wp-content\/uploads\/2022\/05\/IMG_1432-scaled.jpg 1706w\" sizes=\"auto, (max-width: 683px) 100vw, 683px\" \/><\/figure>\n<\/div>\n\n\n\n<div class=\"wp-block-column is-layout-flow wp-block-column-is-layout-flow\">\n<h3 class=\"wp-block-heading\"><a title=\"El peso de la imagen en la construcci\u00f3n del relato\nEl caso de Vivan Maier - UCES.DG N\u00fam 21\" href=\"https:\/\/publicacionescientificas.uces.edu.ar\/index.php\/disgraf\/article\/view\/1679\" target=\"_blank\" rel=\"noopener\"><strong>El peso de la imagen en la construcci\u00f3n del relato<br>El caso de Vivan Maier<\/strong> &#8211; Lic. Alejo Dillor y Lic. Andrea Ferrando UCES.DG N\u00fam 21<\/a><\/h3>\n\n\n\n<figure class=\"wp-block-image size-full wp-duotone-unset-8\"><img loading=\"lazy\" decoding=\"async\" width=\"587\" height=\"756\" data-attachment-id=\"823\" data-permalink=\"https:\/\/alejodillor.art\/?attachment_id=823\" data-orig-file=\"https:\/\/alejodillor.art\/wp-content\/uploads\/2024\/07\/Captura-de-pantalla-459.png\" data-orig-size=\"587,756\" data-comments-opened=\"0\" data-image-meta=\"{&quot;aperture&quot;:&quot;&quot;,&quot;credit&quot;:&quot;&quot;,&quot;camera&quot;:&quot;&quot;,&quot;caption&quot;:&quot;&quot;,&quot;created_timestamp&quot;:&quot;&quot;,&quot;copyright&quot;:&quot;&quot;,&quot;focal_length&quot;:&quot;&quot;,&quot;iso&quot;:&quot;&quot;,&quot;shutter_speed&quot;:&quot;&quot;,&quot;title&quot;:&quot;&quot;,&quot;orientation&quot;:&quot;&quot;,&quot;longitude&quot;:&quot;0&quot;,&quot;latitude&quot;:&quot;0&quot;,&quot;info&quot;:&quot;&quot;,&quot;square-pos&quot;:&quot;&quot;,&quot;hero-pos&quot;:&quot;&quot;}\" data-image-title=\"Captura de pantalla (459)\" data-image-description=\"\" data-image-caption=\"\" data-large-file=\"https:\/\/alejodillor.art\/wp-content\/uploads\/2024\/07\/Captura-de-pantalla-459.png\" src=\"http:\/\/alejodillor.art\/wp-content\/uploads\/2024\/07\/Captura-de-pantalla-459.png\" alt=\"\" class=\"wp-image-823\" srcset=\"https:\/\/alejodillor.art\/wp-content\/uploads\/2024\/07\/Captura-de-pantalla-459.png 587w, https:\/\/alejodillor.art\/wp-content\/uploads\/2024\/07\/Captura-de-pantalla-459-233x300.png 233w\" sizes=\"auto, (max-width: 587px) 100vw, 587px\" \/><\/figure>\n<\/div>\n\n\n\n<div class=\"wp-block-column is-layout-flow wp-block-column-is-layout-flow\"><\/div>\n<\/div>\n\n\n\n<hr class=\"wp-block-separator has-css-opacity\"\/>\n","protected":false},"excerpt":{"rendered":"<p>Latest \u201cHomoer\u00f3tico\u201d, la muestra inspirada en una tapa de El Gr\u00e1fico de 1934 &#8211; P\u00e1gina 12 &#8220;La obra de\u00a0Alejo Dillor\u00a0es, en sus palabras, una oda al homoerotismo m\u00e1s et\u00e9reo y devocional. \u201cEs capaz de captar un resplandor er\u00f3tico en su m\u00e1s pura naturalidad. Me encanta la cualidad sedosa de la luz en su fotograf\u00eda en [&hellip;]<\/p>\n","protected":false},"author":1,"featured_media":0,"parent":0,"menu_order":0,"comment_status":"closed","ping_status":"closed","template":"","meta":{"footnotes":""},"class_list":["post-67","page","type-page","status-publish","hentry"],"jetpack_sharing_enabled":true,"_links":{"self":[{"href":"https:\/\/alejodillor.art\/index.php?rest_route=\/wp\/v2\/pages\/67","targetHints":{"allow":["GET"]}}],"collection":[{"href":"https:\/\/alejodillor.art\/index.php?rest_route=\/wp\/v2\/pages"}],"about":[{"href":"https:\/\/alejodillor.art\/index.php?rest_route=\/wp\/v2\/types\/page"}],"author":[{"embeddable":true,"href":"https:\/\/alejodillor.art\/index.php?rest_route=\/wp\/v2\/users\/1"}],"replies":[{"embeddable":true,"href":"https:\/\/alejodillor.art\/index.php?rest_route=%2Fwp%2Fv2%2Fcomments&post=67"}],"version-history":[{"count":14,"href":"https:\/\/alejodillor.art\/index.php?rest_route=\/wp\/v2\/pages\/67\/revisions"}],"predecessor-version":[{"id":1287,"href":"https:\/\/alejodillor.art\/index.php?rest_route=\/wp\/v2\/pages\/67\/revisions\/1287"}],"wp:attachment":[{"href":"https:\/\/alejodillor.art\/index.php?rest_route=%2Fwp%2Fv2%2Fmedia&parent=67"}],"curies":[{"name":"wp","href":"https:\/\/api.w.org\/{rel}","templated":true}]}}